{"id":13,"date":"2026-03-24T11:49:53","date_gmt":"2026-03-24T10:49:53","guid":{"rendered":"https:\/\/www.spolecnejilovsko.cz\/?page_id=13"},"modified":"2026-05-04T16:05:27","modified_gmt":"2026-05-04T14:05:27","slug":"medailonek","status":"publish","type":"page","link":"https:\/\/www.spolecnejilovsko.cz\/?page_id=13","title":{"rendered":""},"content":{"rendered":"\n<main class=\"wp-block-group alignfull site-content is-layout-flow wp-block-group-is-layout-flow\" id=\"header\" style=\"margin-top:0\">\n<div class=\"wp-block-cover alignfull is-light\" style=\"padding-top:0px\"><img decoding=\"async\" class=\"wp-block-cover__image-background wp-image-7396\" alt=\"\" src=\"https:\/\/www.spolecnejilovsko.cz\/wp-content\/themes\/inspiro-blocks\/assets\/images\/StockSnap_PT8C3EOE19.jpg\" data-object-fit=\"cover\"\/><span aria-hidden=\"true\" class=\"wp-block-cover__background has-white-background-color has-background-dim-100 has-background-dim\"><\/span><div class=\"wp-block-cover__inner-container is-layout-flow wp-block-cover-is-layout-flow\">\n<div class=\"wp-block-group is-style-default has-global-padding is-layout-constrained wp-block-group-is-layout-constrained has-background\" style=\"border-top-left-radius:40px;border-top-right-radius:40px;border-bottom-left-radius:40px;border-bottom-right-radius:40px;background-image:url(&apos;https:\/\/www.spolecnejilovsko.cz\/wp-content\/uploads\/2026\/03\/IMG_20251026_131102-1-scaled.jpg&apos;);background-position:54% 63%;background-size:cover;background-attachment:scroll;\">\n<div style=\"height:251px\" aria-hidden=\"true\" class=\"wp-block-spacer\"><\/div>\n\n\n\n<h1 class=\"wp-block-heading has-white-color has-text-color has-max-48-font-size\"><strong>O ka\u017ed\u00e9m z n\u00e1s<\/strong><\/h1>\n\n\n\n<div style=\"height:63px\" aria-hidden=\"true\" class=\"wp-block-spacer\"><\/div>\n<\/div>\n<\/div><\/div>\n<\/main>\n\n\n\n<div class=\"wp-block-group alignfull pattern_multiple_covers has-global-padding is-layout-constrained wp-block-group-is-layout-constrained\" id=\"services\">\n<div style=\"height:84px\" aria-hidden=\"true\" class=\"wp-block-spacer\"><\/div>\n\n\n\n<p class=\"has-text-align-left has-primary-color has-text-color\" style=\"letter-spacing:1px\">KANDID\u00c1T NA STAROSTU<\/p>\n\n\n\n<h2 class=\"wp-block-heading has-text-align-left has-max-48-font-size\">Mgr. Jan Stachura<\/h2>\n\n\n\n<p class=\"has-text-align-left\">V&nbsp;J\u00edlov\u00e9m bydl\u00edm od narozen\u00ed, by\u0165 aktu\u00e1ln\u011b u\u017e na \u010dtvrt\u00e9m m\u00edst\u011b v&nbsp;obvodu m\u011bsta.<\/p>\n\n\n\n<p>Za\u010d\u00ednal jsem jako \u010dlen m\u00edstn\u00edho skauta, se kter\u00fdm jsme objevovali nejbli\u017e\u0161\u00ed okol\u00ed m\u011bsta. Ze skautu jsem p\u0159e\u0161el do odd\u00edlu JUKA \u2013 T\u00e1born\u00edci, kde jsem za\u010dal v\u00edce proch\u00e1zet, proj\u00ed\u017ed\u011bt na kole \u010di lodi J\u00edlovsko. Z\u00e1rove\u0148 jsem v&nbsp;sob\u011b objevil z\u00e1jem o hornickou historii i krajinu a Ivo Neve\u010de\u0159al m\u011b p\u0159ivedl do m\u00edstn\u00edho okra\u0161lovac\u00edho spolku.<\/p>\n\n\n\n<p>Profesn\u00ed kari\u00e9ru jsem za\u010dal jako kur\u00e1tor \u2013 p\u0159\u00edrodov\u011bdec ve zdej\u0161\u00edm muzeu se specializac\u00ed na zlato, kde jsem poznal Petra Mor\u00e1vka, kter\u00fd za\u0161ti\u0165oval obnovu expozice t\u011b\u017eby a zpracov\u00e1n\u00ed zlata. Moje dal\u0161\u00ed pracovn\u00ed zku\u0161enosti se pak ji\u017e t\u00fdkaly pen\u011bz a dotac\u00ed \u2013 konkr\u00e9tn\u011b v&nbsp;Akademii v\u011bd \u010cR spojen\u00fdch s&nbsp;v\u011bdou <br>a v\u00fdzkumem. Tyto svoje zku\u0161enosti jsem cht\u011bl n\u011bjak\u00fdm zp\u016fsobem vyu\u017e\u00edt i ve sv\u00e9 pr\u00e1ci zastupitele pro m\u011bsto, co\u017e zejm\u00e9na v&nbsp;posledn\u00edch \u010dty\u0159ech letech p\u0159ineslo prvn\u00ed re\u00e1ln\u00e9 projekty (Svatov\u00e1clavsk\u00e9 l\u00e1zn\u011b, kanalizace Radl\u00edk, stavebn\u00ed povolen\u00ed pro \u0160melcovnu atd.).<\/p>\n\n\n\n<p>Sv\u016fj voln\u00fd \u010das tr\u00e1v\u00edm se&nbsp;dv\u011bma dcerami, hraji badminton a posledn\u00ed \u010dty\u0159i roky realizuji r\u016fzn\u00e9 stavebn\u00ed projekty moj\u00ed \u017eeny okolo na\u0161eho domu v&nbsp;Drnce.<\/p>\n\n\n\n<p class=\"has-text-align-left\">V\u011b\u0159\u00edm, \u017ee ve veden\u00ed m\u011bsta realizuji kl\u00ed\u010dov\u00e9 projekty pro m\u011bsto, zlep\u0161\u00edm komunikaci sm\u011brem k&nbsp;ve\u0159ejnosti a roz\u0161\u00ed\u0159\u00edm ve\u0159ejn\u00e9 slu\u017eby m\u011bsta (popt\u00e1vkov\u00e1 doprava, komunitn\u00ed energetika, kvalitn\u00ed ve\u0159ejn\u00e1 prostranstv\u00ed).<\/p>\n\n\n\n<div style=\"height:46px\" aria-hidden=\"true\" class=\"wp-block-spacer\"><\/div>\n\n\n\n<div class=\"wp-block-columns is-layout-flex wp-container-core-columns-is-layout-28f84493 wp-block-columns-is-layout-flex\">\n<div class=\"wp-block-column is-layout-flow wp-block-column-is-layout-flow\" style=\"padding-top:0;padding-right:0;padding-bottom:0;padding-left:0\">\n<div class=\"wp-block-cover has-custom-content-position is-position-bottom-left\" style=\"border-top-left-radius:8px;border-top-right-radius:8px;border-bottom-left-radius:8px;border-bottom-right-radius:8px;margin-top:0;margin-bottom:0;padding-top:var(--wp--preset--spacing--small);padding-right:var(--wp--preset--spacing--small);padding-bottom:var(--wp--preset--spacing--small);padding-left:var(--wp--preset--spacing--small)\"><img loading=\"lazy\" decoding=\"async\" width=\"1024\" height=\"683\" class=\"wp-block-cover__image-background wp-image-195 size-full\" alt=\"\" src=\"https:\/\/www.spolecnejilovsko.cz\/wp-content\/uploads\/2026\/03\/51425534181_b99cd6a12e_b.jpg\" data-object-fit=\"cover\" srcset=\"https:\/\/www.spolecnejilovsko.cz\/wp-content\/uploads\/2026\/03\/51425534181_b99cd6a12e_b.jpg 1024w, https:\/\/www.spolecnejilovsko.cz\/wp-content\/uploads\/2026\/03\/51425534181_b99cd6a12e_b-300x200.jpg 300w, https:\/\/www.spolecnejilovsko.cz\/wp-content\/uploads\/2026\/03\/51425534181_b99cd6a12e_b-768x512.jpg 768w, https:\/\/www.spolecnejilovsko.cz\/wp-content\/uploads\/2026\/03\/51425534181_b99cd6a12e_b-600x400.jpg 600w\" sizes=\"auto, (max-width: 1024px) 100vw, 1024px\" \/><span aria-hidden=\"true\" class=\"wp-block-cover__background has-secondary-background-color has-background-dim-70 has-background-dim\"><\/span><div class=\"wp-block-cover__inner-container is-layout-flow wp-block-cover-is-layout-flow\">\n<h3 class=\"wp-block-heading has-white-color has-text-color has-max-36-font-size\" style=\"margin-top:0;margin-right:0;margin-bottom:0;margin-left:0\">Svatov\u00e1clavsk\u00e9 l\u00e1zn\u011b<\/h3>\n\n\n\n<p style=\"margin-top:0;margin-right:0;margin-bottom:0;margin-left:0\"><a href=\"#\">\u010cti v\u00edce \u2192<\/a><\/p>\n<\/div><\/div>\n<\/div>\n\n\n\n<div class=\"wp-block-column is-layout-flow wp-block-column-is-layout-flow\" style=\"padding-top:0;padding-right:0;padding-bottom:0;padding-left:0\">\n<div class=\"wp-block-cover has-custom-content-position is-position-bottom-left\" style=\"padding-top:var(--wp--preset--spacing--small);padding-right:var(--wp--preset--spacing--small);padding-bottom:var(--wp--preset--spacing--small);padding-left:var(--wp--preset--spacing--small)\"><img loading=\"lazy\" decoding=\"async\" width=\"1024\" height=\"724\" class=\"wp-block-cover__image-background wp-image-204 size-large\" alt=\"\" src=\"https:\/\/www.spolecnejilovsko.cz\/wp-content\/uploads\/2026\/03\/Jilove_u_Prahy_Radlik-1024x724.jpg\" data-object-fit=\"cover\" srcset=\"https:\/\/www.spolecnejilovsko.cz\/wp-content\/uploads\/2026\/03\/Jilove_u_Prahy_Radlik-1024x724.jpg 1024w, https:\/\/www.spolecnejilovsko.cz\/wp-content\/uploads\/2026\/03\/Jilove_u_Prahy_Radlik-300x212.jpg 300w, https:\/\/www.spolecnejilovsko.cz\/wp-content\/uploads\/2026\/03\/Jilove_u_Prahy_Radlik-768x543.jpg 768w, https:\/\/www.spolecnejilovsko.cz\/wp-content\/uploads\/2026\/03\/Jilove_u_Prahy_Radlik-1536x1086.jpg 1536w, https:\/\/www.spolecnejilovsko.cz\/wp-content\/uploads\/2026\/03\/Jilove_u_Prahy_Radlik-2048x1448.jpg 2048w, https:\/\/www.spolecnejilovsko.cz\/wp-content\/uploads\/2026\/03\/Jilove_u_Prahy_Radlik-600x424.jpg 600w, https:\/\/www.spolecnejilovsko.cz\/wp-content\/uploads\/2026\/03\/Jilove_u_Prahy_Radlik-1200x849.jpg 1200w\" sizes=\"auto, (max-width: 1024px) 100vw, 1024px\" \/><span aria-hidden=\"true\" class=\"wp-block-cover__background has-secondary-background-color has-background-dim-70 has-background-dim\"><\/span><div class=\"wp-block-cover__inner-container is-layout-flow wp-block-cover-is-layout-flow\">\n<h3 class=\"wp-block-heading has-white-color has-text-color has-max-36-font-size\" style=\"margin-top:0;margin-right:0;margin-bottom:0;margin-left:0\">kanalizace Radl\u00edk<\/h3>\n\n\n\n<p style=\"margin-top:0;margin-right:0;margin-bottom:0;margin-left:0\"><a href=\"#\">\u010cti v\u00edce \u2192<\/a><\/p>\n<\/div><\/div>\n<\/div>\n\n\n\n<div class=\"wp-block-column is-layout-flow wp-block-column-is-layout-flow\" style=\"padding-top:0;padding-right:0;padding-bottom:0;padding-left:0\">\n<div class=\"wp-block-cover has-custom-content-position is-position-bottom-left\" style=\"padding-top:var(--wp--preset--spacing--small);padding-right:var(--wp--preset--spacing--small);padding-bottom:var(--wp--preset--spacing--small);padding-left:var(--wp--preset--spacing--small)\"><img loading=\"lazy\" decoding=\"async\" width=\"1024\" height=\"768\" class=\"wp-block-cover__image-background wp-image-196 size-large\" alt=\"\" src=\"https:\/\/www.spolecnejilovsko.cz\/wp-content\/uploads\/2026\/03\/Jilove_u_Prahy_Prazska_60_Na_Smelcovne-1024x768.jpg\" data-object-fit=\"cover\" srcset=\"https:\/\/www.spolecnejilovsko.cz\/wp-content\/uploads\/2026\/03\/Jilove_u_Prahy_Prazska_60_Na_Smelcovne-1024x768.jpg 1024w, https:\/\/www.spolecnejilovsko.cz\/wp-content\/uploads\/2026\/03\/Jilove_u_Prahy_Prazska_60_Na_Smelcovne-300x225.jpg 300w, https:\/\/www.spolecnejilovsko.cz\/wp-content\/uploads\/2026\/03\/Jilove_u_Prahy_Prazska_60_Na_Smelcovne-768x576.jpg 768w, https:\/\/www.spolecnejilovsko.cz\/wp-content\/uploads\/2026\/03\/Jilove_u_Prahy_Prazska_60_Na_Smelcovne-1536x1152.jpg 1536w, https:\/\/www.spolecnejilovsko.cz\/wp-content\/uploads\/2026\/03\/Jilove_u_Prahy_Prazska_60_Na_Smelcovne-2048x1536.jpg 2048w, https:\/\/www.spolecnejilovsko.cz\/wp-content\/uploads\/2026\/03\/Jilove_u_Prahy_Prazska_60_Na_Smelcovne-600x450.jpg 600w, https:\/\/www.spolecnejilovsko.cz\/wp-content\/uploads\/2026\/03\/Jilove_u_Prahy_Prazska_60_Na_Smelcovne-1200x900.jpg 1200w\" sizes=\"auto, (max-width: 1024px) 100vw, 1024px\" \/><span aria-hidden=\"true\" class=\"wp-block-cover__background has-secondary-background-color has-background-dim-70 has-background-dim\"><\/span><div class=\"wp-block-cover__inner-container is-layout-flow wp-block-cover-is-layout-flow\">\n<h3 class=\"wp-block-heading has-white-color has-text-color has-max-36-font-size\" style=\"margin-top:0;margin-right:0;margin-bottom:0;margin-left:0\">stavebn\u00ed povolen\u00ed pro \u0160melcovnu<\/h3>\n\n\n\n<p style=\"margin-top:0;margin-right:0;margin-bottom:0;margin-left:0\"><a href=\"#\"><a href=\"#\">\u010cti v\u00edce<\/a> \u2192<\/a><\/p>\n<\/div><\/div>\n<\/div>\n<\/div>\n\n\n\n<div style=\"height:103px\" aria-hidden=\"true\" class=\"wp-block-spacer\"><\/div>\n<\/div>\n\n\n\n<div class=\"wp-block-group alignfull has-secondary-background-color has-background has-global-padding is-layout-constrained wp-container-core-group-is-layout-9cc8367f wp-block-group-is-layout-constrained\" id=\"reel\" style=\"border-top-left-radius:0px;border-top-right-radius:0px;border-bottom-left-radius:0px;border-bottom-right-radius:0px;margin-top:0px;margin-bottom:0px;padding-right:0;padding-left:0\">\n<div style=\"height:84px\" aria-hidden=\"true\" class=\"wp-block-spacer\"><\/div>\n\n\n\n<h2 class=\"wp-block-heading has-text-align-left has-white-color has-text-color has-max-48-font-size\">Zeptali se m\u011b..<\/h2>\n\n\n\n<div style=\"height:50px\" aria-hidden=\"true\" class=\"wp-block-spacer\"><\/div>\n\n\n\n<figure class=\"wp-block-video alignwide\"><video controls poster=\"http:\/\/www.spolecnejilovsko.cz\/wp-content\/uploads\/2026\/04\/video-nahled.png\" src=\"https:\/\/www.spolecnejilovsko.cz\/wp-content\/themes\/inspiro-blocks\/assets\/video\/video.mp4\"><\/video><\/figure>\n\n\n\n<div style=\"height:84px\" aria-hidden=\"true\" class=\"wp-block-spacer\"><\/div>\n<\/div>\n\n\n\n<div class=\"wp-block-group has-global-padding is-layout-constrained wp-block-group-is-layout-constrained\">\n<div class=\"wp-block-group is-layout-flow wp-block-group-is-layout-flow\">\n<div style=\"height:85px\" aria-hidden=\"true\" class=\"wp-block-spacer\"><\/div>\n\n\n\n<p class=\"has-primary-color has-text-color\">N\u00c1\u0160 CEL\u00dd T\u00ddM<\/p>\n\n\n\n<h2 class=\"wp-block-heading has-max-48-font-size\">N\u00e1zory dal\u0161\u00edch kandid\u00e1t\u016f<\/h2>\n\n\n\n<div style=\"height:63px\" aria-hidden=\"true\" class=\"wp-block-spacer\"><\/div>\n\n\n\n<div class=\"wp-block-columns is-layout-flex wp-container-core-columns-is-layout-28f84493 wp-block-columns-is-layout-flex\">\n<div class=\"wp-block-column is-style-default is-layout-flow wp-block-column-is-layout-flow\" style=\"border-top-style:none;border-top-width:0px;border-right-style:none;border-right-width:0px;border-bottom-style:none;border-bottom-width:0px;border-left-color:var(--wp--preset--color--lightgrey);border-left-width:1px;padding-top:35px;padding-right:2%;padding-bottom:35px;padding-left:5%\">\n<h2 class=\"wp-block-heading has-primary-color has-text-color\">5.<\/h2>\n\n\n\n<div style=\"height:41px\" aria-hidden=\"true\" class=\"wp-block-spacer\"><\/div>\n\n\n\n<div class=\"wp-block-cover is-style-round-corners\" style=\"min-height:277px;aspect-ratio:unset;\"><img loading=\"lazy\" decoding=\"async\" width=\"1024\" height=\"1024\" class=\"wp-block-cover__image-background wp-image-287 size-large\" alt=\"\" src=\"https:\/\/www.spolecnejilovsko.cz\/wp-content\/uploads\/2026\/04\/Bernard-CB-1x1-2-1024x1024.png\" data-object-fit=\"cover\" srcset=\"https:\/\/www.spolecnejilovsko.cz\/wp-content\/uploads\/2026\/04\/Bernard-CB-1x1-2-1024x1024.png 1024w, https:\/\/www.spolecnejilovsko.cz\/wp-content\/uploads\/2026\/04\/Bernard-CB-1x1-2-300x300.png 300w, https:\/\/www.spolecnejilovsko.cz\/wp-content\/uploads\/2026\/04\/Bernard-CB-1x1-2-150x150.png 150w, https:\/\/www.spolecnejilovsko.cz\/wp-content\/uploads\/2026\/04\/Bernard-CB-1x1-2-768x768.png 768w, https:\/\/www.spolecnejilovsko.cz\/wp-content\/uploads\/2026\/04\/Bernard-CB-1x1-2-600x600.png 600w, https:\/\/www.spolecnejilovsko.cz\/wp-content\/uploads\/2026\/04\/Bernard-CB-1x1-2-1200x1200.png 1200w, https:\/\/www.spolecnejilovsko.cz\/wp-content\/uploads\/2026\/04\/Bernard-CB-1x1-2-800x800.png 800w, https:\/\/www.spolecnejilovsko.cz\/wp-content\/uploads\/2026\/04\/Bernard-CB-1x1-2.png 1280w\" sizes=\"auto, (max-width: 1024px) 100vw, 1024px\" \/><span aria-hidden=\"true\" class=\"wp-block-cover__background has-secondary-background-color has-background-dim\"><\/span><div class=\"wp-block-cover__inner-container is-layout-flow wp-block-cover-is-layout-flow\">\n<a class=\"wp-block-wpzoom-video-popup-block-block wpzoom-video-popup-block has-primary-color has-text-color\" data-popup-width=\"900px\"><span class=\"wpzoom-video-popup-block_icon\"><svg xmlns=\"http:\/\/www.w3.org\/2000\/svg\" viewBox=\"0 0 32 32\" aria-hidden=\"true\"><path d=\"m14.25 10.367c-1-0.57778-2.2504 0.14388-2.2504 1.2988v8.6674c0 1.155 1.2504 1.8766 2.2504 1.2988l8.2498-4.7666c0.3094-0.1786 0.4998-0.5088 0.4998-0.86588 0-0.35714-0.1904-0.68718-0.4998-0.86586zm-14.25 5.6326c0-8.8366 7.1634-16 16-16 8.8366 0 16 7.1634 16 16 0 8.8366-7.1634 16-16 16-8.8366 0-16-7.1634-16-16zm16-14c-7.732 0-14 6.268-14 14 0 7.732 6.268 14 14 14 7.732 0 14-6.268 14-14 0-7.732-6.268-14-14-14z\" fill=\"currentColor\"><\/path><\/svg><\/span><\/a>\n<\/div><\/div>\n\n\n\n<h2 class=\"wp-block-heading\" style=\"padding-top:10px;padding-bottom:10px\">Michal Bernard<\/h2>\n\n\n\n<p>Etiam porta sem malesuada magna mollis euismod. Donec id elit non mi porta gravida at eget metus. Cras justo odio, dapibus ac facilisis in, egestas eget quam.<\/p>\n\n\n\n<p><a href=\"#\">\u010cti v\u00edce \u2192<\/a><\/p>\n<\/div>\n\n\n\n<div class=\"wp-block-column is-style-default is-layout-flow wp-block-column-is-layout-flow\" style=\"border-top-style:none;border-top-width:0px;border-right-style:none;border-right-width:0px;border-bottom-style:none;border-bottom-width:0px;border-left-color:var(--wp--preset--color--lightgrey);border-left-width:1px;padding-top:35px;padding-right:2%;padding-bottom:35px;padding-left:5%\">\n<h2 class=\"wp-block-heading has-primary-color has-text-color\">4.<\/h2>\n\n\n\n<div style=\"height:41px\" aria-hidden=\"true\" class=\"wp-block-spacer\"><\/div>\n\n\n\n<div class=\"wp-block-cover is-style-round-corners\" style=\"min-height:277px;aspect-ratio:unset;\"><img loading=\"lazy\" decoding=\"async\" width=\"1024\" height=\"768\" class=\"wp-block-cover__image-background wp-image-288 size-large\" alt=\"\" src=\"https:\/\/www.spolecnejilovsko.cz\/wp-content\/uploads\/2026\/04\/DSCN3183-1024x768.jpg\" data-object-fit=\"cover\" srcset=\"https:\/\/www.spolecnejilovsko.cz\/wp-content\/uploads\/2026\/04\/DSCN3183-1024x768.jpg 1024w, https:\/\/www.spolecnejilovsko.cz\/wp-content\/uploads\/2026\/04\/DSCN3183-300x225.jpg 300w, https:\/\/www.spolecnejilovsko.cz\/wp-content\/uploads\/2026\/04\/DSCN3183-768x576.jpg 768w, https:\/\/www.spolecnejilovsko.cz\/wp-content\/uploads\/2026\/04\/DSCN3183-1536x1152.jpg 1536w, https:\/\/www.spolecnejilovsko.cz\/wp-content\/uploads\/2026\/04\/DSCN3183-2048x1536.jpg 2048w, https:\/\/www.spolecnejilovsko.cz\/wp-content\/uploads\/2026\/04\/DSCN3183-600x450.jpg 600w, https:\/\/www.spolecnejilovsko.cz\/wp-content\/uploads\/2026\/04\/DSCN3183-1200x900.jpg 1200w\" sizes=\"auto, (max-width: 1024px) 100vw, 1024px\" \/><span aria-hidden=\"true\" class=\"wp-block-cover__background has-secondary-background-color has-background-dim\"><\/span><div class=\"wp-block-cover__inner-container is-layout-flow wp-block-cover-is-layout-flow\">\n<a class=\"wp-block-wpzoom-video-popup-block-block wpzoom-video-popup-block has-primary-color has-text-color\" data-popup-width=\"900px\"><span class=\"wpzoom-video-popup-block_icon\"><svg xmlns=\"http:\/\/www.w3.org\/2000\/svg\" viewBox=\"0 0 32 32\" aria-hidden=\"true\"><path d=\"m14.25 10.367c-1-0.57778-2.2504 0.14388-2.2504 1.2988v8.6674c0 1.155 1.2504 1.8766 2.2504 1.2988l8.2498-4.7666c0.3094-0.1786 0.4998-0.5088 0.4998-0.86588 0-0.35714-0.1904-0.68718-0.4998-0.86586zm-14.25 5.6326c0-8.8366 7.1634-16 16-16 8.8366 0 16 7.1634 16 16 0 8.8366-7.1634 16-16 16-8.8366 0-16-7.1634-16-16zm16-14c-7.732 0-14 6.268-14 14 0 7.732 6.268 14 14 14 7.732 0 14-6.268 14-14 0-7.732-6.268-14-14-14z\" fill=\"currentColor\"><\/path><\/svg><\/span><\/a>\n<\/div><\/div>\n\n\n\n<h2 class=\"wp-block-heading\" style=\"padding-top:10px;padding-bottom:10px\">Milu\u0161e Veronika Kozl\u00ed\u010dkov\u00e1<\/h2>\n\n\n\n<p>Etiam porta sem malesuada magna mollis euismod. Donec id elit non mi porta gravida at eget metus. Cras justo odio, dapibus ac facilisis in, egestas eget quam.<\/p>\n\n\n\n<p><a href=\"#\">\u010cti v\u00edce \u2192<\/a><\/p>\n<\/div>\n\n\n\n<div class=\"wp-block-column is-style-default is-layout-flow wp-block-column-is-layout-flow\" style=\"border-top-style:none;border-top-width:0px;border-right-style:none;border-right-width:0px;border-bottom-style:none;border-bottom-width:0px;border-left-color:var(--wp--preset--color--lightgrey);border-left-width:1px;padding-top:35px;padding-right:2%;padding-bottom:35px;padding-left:5%\">\n<h2 class=\"wp-block-heading has-primary-color has-text-color\">3.<\/h2>\n\n\n\n<div style=\"height:41px\" aria-hidden=\"true\" class=\"wp-block-spacer\"><\/div>\n\n\n\n<div class=\"wp-block-cover is-style-round-corners\" style=\"min-height:277px;aspect-ratio:unset;\"><img loading=\"lazy\" decoding=\"async\" width=\"1024\" height=\"768\" class=\"wp-block-cover__image-background wp-image-289 size-large\" alt=\"\" src=\"https:\/\/www.spolecnejilovsko.cz\/wp-content\/uploads\/2026\/04\/DSCN3183-1-1024x768.jpg\" data-object-fit=\"cover\" srcset=\"https:\/\/www.spolecnejilovsko.cz\/wp-content\/uploads\/2026\/04\/DSCN3183-1-1024x768.jpg 1024w, https:\/\/www.spolecnejilovsko.cz\/wp-content\/uploads\/2026\/04\/DSCN3183-1-300x225.jpg 300w, https:\/\/www.spolecnejilovsko.cz\/wp-content\/uploads\/2026\/04\/DSCN3183-1-768x576.jpg 768w, https:\/\/www.spolecnejilovsko.cz\/wp-content\/uploads\/2026\/04\/DSCN3183-1-1536x1152.jpg 1536w, https:\/\/www.spolecnejilovsko.cz\/wp-content\/uploads\/2026\/04\/DSCN3183-1-2048x1536.jpg 2048w, https:\/\/www.spolecnejilovsko.cz\/wp-content\/uploads\/2026\/04\/DSCN3183-1-600x450.jpg 600w, https:\/\/www.spolecnejilovsko.cz\/wp-content\/uploads\/2026\/04\/DSCN3183-1-1200x900.jpg 1200w\" sizes=\"auto, (max-width: 1024px) 100vw, 1024px\" \/><span aria-hidden=\"true\" class=\"wp-block-cover__background has-secondary-background-color has-background-dim\"><\/span><div class=\"wp-block-cover__inner-container is-layout-flow wp-block-cover-is-layout-flow\">\n<a class=\"wp-block-wpzoom-video-popup-block-block wpzoom-video-popup-block has-primary-color has-text-color\" data-popup-width=\"900px\"><span class=\"wpzoom-video-popup-block_icon\"><svg xmlns=\"http:\/\/www.w3.org\/2000\/svg\" viewBox=\"0 0 32 32\" aria-hidden=\"true\"><path d=\"m14.25 10.367c-1-0.57778-2.2504 0.14388-2.2504 1.2988v8.6674c0 1.155 1.2504 1.8766 2.2504 1.2988l8.2498-4.7666c0.3094-0.1786 0.4998-0.5088 0.4998-0.86588 0-0.35714-0.1904-0.68718-0.4998-0.86586zm-14.25 5.6326c0-8.8366 7.1634-16 16-16 8.8366 0 16 7.1634 16 16 0 8.8366-7.1634 16-16 16-8.8366 0-16-7.1634-16-16zm16-14c-7.732 0-14 6.268-14 14 0 7.732 6.268 14 14 14 7.732 0 14-6.268 14-14 0-7.732-6.268-14-14-14z\" fill=\"currentColor\"><\/path><\/svg><\/span><\/a>\n<\/div><\/div>\n\n\n\n<h2 class=\"wp-block-heading\" style=\"padding-top:10px;padding-bottom:10px\">Oskar La\u017eansk\u00fd<\/h2>\n\n\n\n<p>Etiam porta sem malesuada magna mollis euismod. Donec id elit non mi porta gravida at eget metus. Cras justo odio, dapibus ac facilisis in, egestas eget quam.<\/p>\n\n\n\n<p><a href=\"#\">\u010cti v\u00edce \u2192<\/a><\/p>\n<\/div>\n<\/div>\n<\/div>\n<\/div>\n\n\n\n<div class=\"wp-block-group has-global-padding is-layout-constrained wp-block-group-is-layout-constrained\">\n<div class=\"wp-block-group is-layout-flow wp-block-group-is-layout-flow\">\n<div style=\"height:73px\" aria-hidden=\"true\" class=\"wp-block-spacer\"><\/div>\n<\/div>\n<\/div>\n\n\n\n<div style=\"height:0px\" aria-hidden=\"true\" class=\"wp-block-spacer\"><\/div>\n\n\n\n<p><\/p>\n","protected":false},"excerpt":{"rendered":"<p>KANDID\u00c1T NA STAROSTU Mgr. Jan Stachura V&nbsp;J\u00edlov\u00e9m bydl\u00edm od narozen\u00ed, by\u0165 aktu\u00e1ln\u011b u\u017e na \u010dtvrt\u00e9m m\u00edst\u011b v&nbsp;obvodu m\u011bsta. Za\u010d\u00ednal jsem jako \u010dlen m\u00edstn\u00edho skauta, se kter\u00fdm jsme objevovali nejbli\u017e\u0161\u00ed okol\u00ed m\u011bsta. Ze skautu jsem p\u0159e\u0161el do odd\u00edlu JUKA \u2013 T\u00e1born\u00edci, kde jsem za\u010dal v\u00edce proch\u00e1zet, proj\u00ed\u017ed\u011bt na kole \u010di lodi J\u00edlovsko. Z\u00e1rove\u0148 jsem v&nbsp;sob\u011b objevil [&hellip;]<\/p>\n","protected":false},"author":1,"featured_media":0,"parent":0,"menu_order":0,"comment_status":"closed","ping_status":"closed","template":"","meta":{"footnotes":""},"class_list":["post-13","page","type-page","status-publish","hentry"],"featured_media_urls":[],"_links":{"self":[{"href":"https:\/\/www.spolecnejilovsko.cz\/index.php?rest_route=\/wp\/v2\/pages\/13","targetHints":{"allow":["GET"]}}],"collection":[{"href":"https:\/\/www.spolecnejilovsko.cz\/index.php?rest_route=\/wp\/v2\/pages"}],"about":[{"href":"https:\/\/www.spolecnejilovsko.cz\/index.php?rest_route=\/wp\/v2\/types\/page"}],"author":[{"embeddable":true,"href":"https:\/\/www.spolecnejilovsko.cz\/index.php?rest_route=\/wp\/v2\/users\/1"}],"replies":[{"embeddable":true,"href":"https:\/\/www.spolecnejilovsko.cz\/index.php?rest_route=%2Fwp%2Fv2%2Fcomments&post=13"}],"version-history":[{"count":42,"href":"https:\/\/www.spolecnejilovsko.cz\/index.php?rest_route=\/wp\/v2\/pages\/13\/revisions"}],"predecessor-version":[{"id":350,"href":"https:\/\/www.spolecnejilovsko.cz\/index.php?rest_route=\/wp\/v2\/pages\/13\/revisions\/350"}],"wp:attachment":[{"href":"https:\/\/www.spolecnejilovsko.cz\/index.php?rest_route=%2Fwp%2Fv2%2Fmedia&parent=13"}],"curies":[{"name":"wp","href":"https:\/\/api.w.org\/{rel}","templated":true}]}}